
True
Suppose -55*w - 4*a - 394015 = -60*w, -2*a = 0. Is w a prime number?
True
Let c(l) = -l**3 - 8*l**2 + 8*l - 4. Suppose 67*b = 81*b + 182. Is c(b) a composite number?
True
Let c(i) = -231*i + 41. Suppose -21*p = 5*p + 416. Is c(p) prime?
False
Suppose -446534 = -6*c + 3*c - 5*b, 5*c + 5*b = 744240. Is c a composite number?
False
Let q be (7/(-70)*-5)/(1/(-2258)). Let l = q + 1872. Is l a composite number?
False
Suppose -10*s = -5*s + 960. Let a = 325 + s. Is a a composite number?
True
Suppose -3222707 = -19*a - 902106 + 2740866. Is a composite?
True
Suppose 0 = -3*h + 82 - 1. Suppose -4*y = 11 - h. Suppose -4 = -y*t, -3*j + 31 + 857 = 3*t. Is j prime?
False
Suppose -91587 - 63271 = -3*b + k, -4*b + 206478 = -2*k. Is b composite?
True
Suppose -9*l = -5*l - 16. Let n be (l - 1 - -3)/(3/194). Suppose 6*t - n + 130 = 0. Is t a composite number?
False
Is (300021/(-33))/(-1) + (-54)/99 prime?
True
Let z(c) = -8*c - 4. Let o be z(-2). Let b = o - 26. Is 2/(-7) - 9846/b a prime number?
False
Let o = -742 + 742. Is 26695 + 58 - (-6 - o) composite?
False
Let h = -81 - -111. Let i be ((-52)/12 + 4)/((-2)/h). Is 17244/(-30)*(-1)/(2/i) prime?
False
Suppose -41 + 143 = 17*l. Let c(k) = 27*k**2 - 6*k + 13. Let t(z) = 27*z**2 - 5*z + 13. Let a(y) = -6*c(y) + 7*t(y). Is a(l) composite?
False
Let o(n) = 6036*n**3 + 7*n**2 - n + 5. Is o(4) prime?
False
Suppose 0 = -323*x + 5139735 + 20893742. Is x composite?
False
Suppose -4*x = -2*r + 128422, 39*r - 35*r = -x + 256871. Is r composite?
False
Let m(y) = -24*y - 68*y - 33*y + 6 + 0*y. Let i(n) = -n**2 - 7*n - 9. Let z be i(-6). Is m(z) a composite number?
True
Is (-28)/42*-6 + (-42794)/(-2) a prime number?
True
Let b = 73202 + -12555. Is b prime?
True
Let m(k) = 4313*k - 44. Let j(s) = -s**3 + 12*s**2 - 25*s - 15. Let g be j(9). Is m(g) a composite number?
True
Let x(d) = 9*d**2 + 59*d + 89. Let n(o) = -o**3 - 25*o**2 - 24*o - 21. Let y be n(-24). Is x(y) prime?
True
Let l(y) = y**2 + 5*y + 3. Let v be l(-5). Suppose 4*c - 13446 = -2*h + 5886, -v*c + h + 14509 = 0. Is c composite?
True
Suppose 5*z - 75*r + 72*r = 769952, -z - 3*r + 153994 = 0. Is z a prime number?
True
Let j(b) = b**3 - 42*b**2 - 567*b - 213. Is j(89) composite?
False
Is 11749*1 + ((-312)/546)/((-4)/(-14)) composite?
True
Let h = 1628955 + -901634. Is h a composite number?
True
Suppose -4*o - 25007 - 18852 = -x, 4*x - 175526 = -2*o. Is x composite?
True
Suppose r = 3*d + 2*d - 14, 0 = -3*r + 3*d + 6. Let g be 2/r*6 - -6. Suppose -11*k = -g*k - 477. Is k prime?
False
Let q(i) = -8*i. Let r be q(5). Suppose -4*w - 1189320 = 8*j - 4*j, -891950 = 3*w - 5*j. Is (-3)/24 + w/r prime?
True
Suppose 74*u = 48340002 + 3322927 + 53816005. Is u prime?
False
Let b(l) = -2 - 115*l - 1 + 8 - 7*l. Let y(o) = -o**2 - 23*o + 41. Let f be y(-25). Is b(f) a prime number?
True
Let l(n) = 2*n**3 + n**2 + n. Let t be l(-1). Let w be (4 - 3)/t*12314. Let f = w - -9236. Is f prime?
True
Suppose 3*j - 288 = -5*j. Let d be j/(-20)*(39/(-9) - -1). Suppose q + 3*m - 4139 = 0, -q - 2*m = -d*m - 4111. Is q a composite number?
False
Let i be 1*15/(-3) - (-92127 + -33). Is 1/(((-7)/i)/((-6)/30)) prime?
True
Let j(o) = -o**3 + 22*o**2 + 40*o - 1136. Let z be j(20). Suppose 0 = 4*f - 2*f + 244. Let m = z - f. Is m a composite number?
True
Let d = 459890 - 269383. Is d a composite number?
False
Let b(d) = -d**3 - 11*d**2 + 12*d + 5. Let f = 38 + -50. Let u be b(f). Suppose -5*h - u*k + 2344 + 266 = 0, 5*h - 5*k - 2600 = 0. Is h a prime number?
True
Let n(g) = -g**2 - 7*g - 2. Let q be n(-2). Is ((-1842)/q)/(63/(-420)) prime?
False
Let s be ((-5)/(-15))/((-9)/27). Is s*(-41948)/(-4)*-1 a composite number?
False
Suppose -3*u - 16*n + 16 = -18*n, -4*u + 5*n + 26 = 0. Is (u*1/2)/((-2)/(-15857)) a composite number?
True
Suppose 4*j = -q - 0*j + 507, 507 = q + j. Suppose g + 5*a = -14 + 1, -4*g - 3*a + 16 = 0. Suppose g*x - q = 270. Is x composite?
True
Let c = -48630 - -77609. Is c a prime number?
True
Let v = -204048 - -407919. Is v prime?
False
Let t(s) = -130202*s + 1105. Is t(-3) a composite number?
False
Let n = 4443 + -2683. Let q = -1059 + n. Is q prime?
True
Let z = -167759 + 665170. Is z a prime number?
True
Suppose 0 = -7*u + 594*u - 118751368 + 22499217. Is u prime?
True
Let o(u) = 44185*u**3 - 3*u**2 + 14*u - 7. Is o(2) prime?
True
Suppose 0 = -3*f + 11 - 2. Let w be (1 - f) + 3 + 290. Suppose 4*l = 3*u - w, -2*u = u + 5*l - 264. Is u a prime number?
False
Let f(i) = i**3 + 2*i**2 + 15*i + 5. Suppose -2 = 4*j - k - 3, 4*k - 15 = -3*j. Let n be j*(10 - (-5)/(-5)). Is f(n) a composite number?
False
Let u = 13716 + -2405. Is u a prime number?
True
Let u(z) = -z**3 + 28*z**2 + 66*z - 34. Is u(25) composite?
False
Is (-42356)/8*(-9 + 7) prime?
True
Suppose -81 = -10*q + 79. Suppose -2*f - 34 = 2*r, 4*r + q + 0 = 0. Is (23394/(-15))/(f/(-5) + -3) prime?
False
Suppose 0 = -m - 2*c - c - 60, -3*m = -4*c + 180. Let h = -41 - m. Suppose -2*r + 3*r - h = 0. Is r a composite number?
False
Suppose -52*k - 13*k = -20008105. Is k a prime number?
True
Let k = -1413 - -372. Let z(f) = 66*f**3 + 38*f**2 - 99*f - 43. Let t be z(3). Let q = k + t. Is q a prime number?
True
Let o = 898 - 892. Suppose -o*a + 2328 = -53694. Is a a prime number?
True
Suppose 5*s - s - 4*l = -48, -3*s - 37 = -2*l. Let g(b) = 71*b**2 + 11*b + 7. Is g(s) a composite number?
False
Suppose -198*o = -6457827 - 2908563. Is o a prime number?
False
Let d(a) = a**3 + 15*a**2 + 9*a - 21. Let f be d(-14). Suppose -18*u = -f*u + 72323. Is u a prime number?
True
Let p be 1837 + 7/(-35) + (-16)/(-5). Suppose p = -2*o + 7684. Let a = o - 1333. Is a prime?
False
Let z = -35658 + 69283. Suppose 17*k - z - 44728 = 0. Is k a prime number?
False
Let o be (25 - 20) + (-61)/(1/(-1)). Let i = o + 1487. Is i a prime number?
True
Is ((-979)/(-22))/((-2)/(-11612)) composite?
True
Suppose 23*a + 84 = 2*a. Is 26/(-39)*1/(a/12198) a prime number?
False
Let h(n) = -3*n**3 - 59*n**2 + 8*n + 71. Is h(-30) a composite number?
True
Let u be 3/18 - 3487/6. Let z = 5434 + u. Suppose l + 4*d - z = 0, -d + 4*d + 14589 = 3*l. Is l composite?
False
Suppose -119 = -6*x + 13. Suppose -19*q + x*q = 21243. Is q a composite number?
True
Let f be 3/(-18) - (-9805)/222. Is ((-3659)/4)/((-8 - 3)/f) composite?
False
Let p(s) be the third derivative of -49*s**6/60 + 13*s**5/60 + s**4/8 + s**3/2 - 5*s**2 + 1. Is p(-3) a prime number?
False
Let o be (-9)/(108/241720)*6/(-5). Let y = o + -17082. Suppose 5*d + 0*d - y = 0. Is d a prime number?
False
Let i be (-3 + -2 - -4) + 4. Let t(w) = -w**2 + w + 4. Let k be t(0). Suppose -k*p = i*p - 371. Is p prime?
True
Suppose -3*t + k = -6*t - 20, k + 15 = -2*t. Is (t - -3)/(72990/(-18245) + 4) prime?
False
Let d(c) = -23*c - 21. Let o = -10 + 22. Let g(a) = 2*a - 32. Let p be g(o). Is d(p) composite?
False
Suppose 29*s = 32*s + 4*v - 515371, -2*s = 3*v - 343580. Is s prime?
True
Let r(j) = j**3 + 25*j**2 - 50*j - 61. Let c be r(-25). Let o = c + 442. Is o a composite number?
True
Suppose -599*t = -612*t + 503165. Is t prime?
False
Suppose 7*a = -19888 - 18710. Is 4/2*a/(-12) a composite number?
False
Let n(r) = -r**2 - 2*r - 4. Let j be n(-4). Let m(t) = t**3 + 10*t**2 - 26*t - 17. Let y be m(j). Suppose -y*w + 11361 = -4*w. Is w prime?
False
Let l = 28 + -34. Let m(z) = 179*z**2 - 5*z - 3. Let n(s) = 89*s**2 - 2*s - 2. Let c(x) = l*m(x) + 13*n(x). Is c(3) prime?
True
Let n(v) = -v**2 - 4*v - 11. Let m = 1 - 4. Let z be n(m). Is (0 - 0)*z/(-8) + 1361 composite?
False
Let k be (-1)/1*(0 - -14). Let n(q) = 53*q - 15. Let l(u) = 57*u - 18. Let c(v) = 4*l(v) - 5*n(v). Is c(k) prime?
True
Let b(c) = -626*c + 10. Let x be b(-2). Suppose 2*j = -4*w + x + 2486, -w - 7532 = -4*j. Is j prime?
False
Let j = -7391 + 13128. Let w = j + -3106. Is w composite?
True
Suppose 4 = p - 0. Suppose -p*o = -4837 - 33927. Is o a prime number?
False
Let k be (((-4)/(-6))/(6/(-9)))/(-1). Let d be ((-60)/(-25))/(k/30). Is (d*11)/3 + -1 a composite number?
False
Let x be (6/(-48))/(2/(-16)). Let o be ((-188)/6)/(((-8)/36)/x). Is (0 + 1)*o + (-4)/(-2) a prime number?
False
Let f(a) = -725*a + 46. Let g = -150 - -147. Is f(g) a composite number?
False
Let w be (-11)/(110/(-1365))*(-3460)/(-15). Suppose -2*t + 72400 = -3*p, 212469 = 5*t + p + w. Is